hen 17 is divided by r?
8
Let j = 53 - 39. Suppose -5*m + v + 25 + j = 0, 0 = m - 4*v - 4. What is the remainder when 21 is divided by m?
5
Suppose 3*z = 4*k + 3, 1 = z - 3*k + 5. Let u be z/2*(-340)/(-50). Let x = 51 + u. Calculate the remainder when x is divided by 18.
14
Let b(l) = -l + 1. Let j be b(-4). Let y be 3/(-6)*-2*j. Suppose 3*x - 115 = -5*w + 15, -y*x + 4*w = -155. What is the remainder when x is divided by 12?
11
Suppose -333 = 6*a - 4371. What is the remainder when a is divided by 52?
49
Suppose 17*p - 1535 - 1134 = 0. Calculate the remainder when p is divided by 41.
34
Let t be 6/(-3) + 2 + (18 - 2). Suppose 23*o = t*o + 294. What is the remainder when o is divided by 15?
12
Let c(w) = -23*w - 72. Let s = 135 + -140. What is the remainder when c(s) is divided by 8?
3
Suppose 5*x - 1475 = -a, -x - 2*a + 147 = -139. Calculate the remainder when x is divided by 50.
46
Let p(x) = 9*x**2 - 9*x - 8. Suppose -2*g = -4*g - 2. What is the remainder when 44 is divided by p(g)?
4
Suppose 23*g - 18*g - 45 = 0. What is the remainder when 41 is divided by g?
5
Let g be ((-13)/(-2))/((-11)/22). Let o = g - -15. Suppose -5*s + 41 = 4*h - h, -47 = -3*h - o*s. What is the remainder when 31 is divided by h?
14
Let h(j) = 30*j + 71. What is the remainder when h(6) is divided by 16?
11
Let v(u) = u**2 + u - 3. Let i(h) = -h**3 + h**2 + 2. Let l be i(-2). Let m be 105/l*(-2)/3. Calculate the remainder when v(m) is divided by 5.
2
Suppose -231 + 129 = -2*t. Calculate the remainder when 161 is divided by t.
8
Suppose -2*g + 6*g = 16. Suppose 3*m + 18 - 5 = l, 28 = -4*l - g*m. What is the remainder when 7 is divided by -2*(l/1 + 1)?
1
Let a = -86 - -122. Calculate the remainder when (-2)/((-222)/728 - (-8)/28) is divided by a.
32
Suppose 2*d - 43 = -285. Let w = -41 - d. What is the remainder when w is divided by 17?
12
Let r(u) = -u**2 + 14*u - 5. What is the remainder when (0 - (-850)/4) + (-29 - 1062/(-36)) is divided by r(6)?
41
Let c(k) = -k**3 + 5*k**2 + 2*k. Suppose -5*u = 2*h - 7 + 2, 3*h - 13 = -2*u. Calculate the remainder when 27 is divided by c(h).
7
Let v be (-1)/(-1 + (-12)/(-15)). Suppose 4*f = 2*u, -f + 15 = v*u - 29. What is the remainder when 12 is divided by u?
4
Calculate the remainder when (-15)/(-6) - 7014/(-12) is divided by 191.
14
Suppose h = -8 - 0. Let z = h - -15. Calculate the remainder when 26 is divided by z.
5
Suppose -28 = 2*o - 20. Calculate the remainder when 85 is divided by 2/o*(-4 - 0) + 41.
42
Suppose 3824 = 20*l - 156. What is the remainder when l is divided by 24?
7
Let x = -34 + 27. What is the remainder when 64 is divided by ((-72)/(-2))/(-6 - 0 - x)?
28
Suppose 0*b + b - 12 = 0. Suppose -3*z + 42 = -z. Let v = z - b. Calculate the remainder when v is divided by 6.
3
Let w(s) = s**2 - 4*s + 2. Let d(j) = j + 18. What is the remainder when w(9) is divided by d(0)?
11
Let d = -45 + 41. Calculate the remainder when 115 is divided by d/(-8)*(55 + 3).
28
Let o = -3 - -8. Let y(l) = -1 + 3*l**2 + 3*l**3 + 4*l**3 - o*l**2 + 2. What is the remainder when 15 is divided by y(1)?
3
Let w = -39 - 2. Let r = -28 - w. Suppose 0 = u - 3*h - 2 - 13, u + 3*h - 33 = 0. What is the remainder when u is divided by r?
11
Suppose -6*v + 50 = -v. Suppose 2*c + 2 = 2*q, -4*c + 29 = 2*q + 3. Suppose -q*y + 1 = -139. Calculate the remainder when y is divided by v.
8
Let y = 19 + -16. Suppose 0 = y*z + 12, 5*r + 4 - 55 = 4*z. Suppose r*f - 103 = 121. What is the remainder when f is divided by 11?
10
Let m be -3*5/(-45)*9. Suppose 7 = m*p + 5*u - 1, u + 5 = 0. Calculate the remainder when 30 is divided by p.
8
Suppose -2*j = 3*j - 95. Suppose -5*n - h - 42 = 0, -5*n - 3*h = -0*h + 36. Let b = 19 + n. Calculate the remainder when j is divided by b.
9
Suppose d - f - 7 = 0, -5*d + 1 = 2*f - 20. Suppose d*v + 4*a = 5*a + 335, 0 = 2*a. What is the remainder when v is divided by 14?
11
Let b = 11127 - 11081. Let f = 21 - 8. What is the remainder when b is divided by f?
7
Let n(f) = 8*f - 132. Let h = -2 + 1. Calculate the remainder when (1/1 - h) + 5 is divided by n(17).
3
Let i = -7 - -10. Suppose -2*r + 5*f = -17, -i*f - 22 = -3*r + 8. Calculate the remainder when ((-41)/2)/((-3)/6) is divided by r.
8
Suppose -141 - 39 = -4*d + 2*m, -84 = -2*d + 4*m. Calculate the remainder when d is divided by 15.
1
Suppose 24*f - 107 = 23*f. Suppose f - 27 = 2*r. Calculate the remainder when r is divided by 23.
17
Calculate the remainder when 63 is divided by (-35)/(-28) + 9*7/4.
12
Suppose -159 = -3*u + 15. Calculate the remainder when 115 is divided by u.
57
Let a(r) = -14*r - 237. What is the remainder when 132 is divided by a(-18)?
12
Suppose -3*s - 3*z + 10 = -17, 2*z = 5*s - 38. Calculate the remainder when 158 is divided by s.
6
Suppose -3*g - 3*q + 54 = 0, 0 = 3*g - 13*q + 17*q - 57. What is the remainder when 126 is divided by g?
6
Suppose -34 + 9 = -5*p. Suppose 15 = 4*o - 3*b - 85, -o + p*b + 42 = 0. Let s = 35 - o. Calculate the remainder when 48 is divided by s.
9
Let t(p) = 77*p**2 - 1. Let s be t(1). Suppose 6*o - 26 - s = 0. Calculate the remainder when 66 is divided by o.
15
What is the remainder when (-28500)/(-110) + 1/(-11) is divided by 130?
129
Suppose s + 4 = 0, d + 3*s = 2 - 21. Let o = 14 + d. What is the remainder when 32 is divided by o?
4
Let r(q) = -3*q - 1. Let b be r(4). Let z = b - -18. Suppose -l - z*w = -14, -5*l + 2*w = -w - 210. What is the remainder when 155 is divided by l?
38
Let x(y) = -3*y - 6. Let b be x(-3). Suppose 0 = 5*t - b*t + 62. Let d = 14 - t. What is the remainder when d is divided by 12?
9
Let q = -43 + 61. Let b(r) = r**2 + 14*r + 14. Let z be b(-13). Suppose 0 = 2*t - x - 17, -t + z = -3*t - 5*x. Calculate the remainder when q is divided by t.
4
Let z(i) = 3*i + 1. Let o be z(-7). Let h be (-30)/o - (-26)/(-4). What is the remainder when (-9)/(-45) + (-114)/h is divided by 9?
5
Suppose u - 5 = f, 4*u - 28 = 3*f - 9. What is the remainder when ((-155)/(-25))/(1/(-5)*f) is divided by 11?
9
Let n(p) = -2*p + 7. What is the remainder when 313 is divided by n(-19)?
43
Suppose 0*n + 13*n = 260. Suppose -7*y - 642 = -y. Let j = y + 184. What is the remainder when j is divided by n?
17
Suppose t - 3*t - 66 = 0. Let j be (-1 - 0) + (7 - t). Suppose 3*u - 2*v = j, 4*v = u - 36 + 13. Calculate the remainder when 41 is divided by u.
8
Let g be -1*(0 + -6 + 3). Suppose 0 = 2*s - 6*s + 12. Let k = s + g. Calculate the remainder when 10 is divided by k.
4
Let b = -8663 - -8720. Suppose 7 + 5 = o. Calculate the remainder when b is divided by o.
9
Suppose 0 = 5*z - 14 + 39. Let c = 10 - z. Calculate the remainder when (1/2)/((-3)/(-354)) is divided by c.
14
Suppose -4*x = s - 243, x = -0*s + 2*s + 54. Calculate the remainder when x is divided by 4.
0
Suppose 4*u - y = 24, 0*u - 3*y = -4*u + 32. Suppose 0 = u*j + 5*z - 120, -5*j - 3*z + 2*z = -108. What is the remainder when 60 is divided by j?
18
Let w(s) = -17*s**3 + s + 1. Let k(l) = 19*l + 1. Let u be k(-3). Calculate the remainder when w(-1) is divided by (-65)/(-7) - (-16)/u.
8
Calculate the remainder when 140 is divided by 16/6 + (-6)/(-18) + 33.
32
Calculate the remainder when 512/6 + 10/(-30) is divided by 3/6 - (30/(-12) + -8).
8
Let j = 528 - 520. Calculate the remainder when 293 is divided by j.
5
Suppose -3*z = 5*j - 80, -4*j - 4*z - 34 = -106. What is the remainder when 34 is divided by j?
8
Suppose 0 = k + 2 - 20. Suppose -74*z + 62*z + 612 = 0. Calculate the remainder when z is divided by k.
15
Let z(g) = 3*g + 11. What is the remainder when z(11) is divided by 1/(0 - 1/(-9))?
8
Suppose 0 = -3*y - 15, 561 = -2*t + 4*t + 5*y. Calculate the remainder when t is divided by 37.
34
Let r(k) = -k**3 + 4*k**2 + 2*k + 5. Let l = -125 + 183. Suppose -5*y - 211 = -4*c, 3*c + l = 4*c - 3*y. What is the remainder when c is divided by r(4)?
10
Suppose -314 = -7*d + 694. What is the remainder when d is divided by 30?
24
Let g = 24 + 66. Let t = 9283 + -9257. Calculate the remainder when g is divided by t.
12
Let y(q) = 4 + 6*q + 3 - 2*q**2 + 1 + q**2. What is the remainder when 14 is divided by y(6)?
6
Suppose 10 = -j + 8. Suppose -2*s - t = 29, -7*t = -3*t + 4. What is the remainder when 20 is divided by s/(-5 - j - -1)?
6
Let i(b) = -b + 35. Calculate the remai